{"id":8171,"date":"2023-09-23T11:27:11","date_gmt":"2023-09-23T08:27:11","guid":{"rendered":"https:\/\/imajaydinlatma.com\/?post_type=product&#038;p=8171"},"modified":"2024-06-27T19:55:21","modified_gmt":"2024-06-27T16:55:21","slug":"ip-706","status":"publish","type":"product","link":"https:\/\/lichtfueralle.de\/tr\/product\/ip-706\/","title":{"rendered":"IP-706"},"content":{"rendered":"","protected":false},"excerpt":{"rendered":"<p>\u00dcr\u00fcn \u00d6l\u00e7\u00fcleri: 45&#215;32 cm <br \/>\nCable Length :65 cm  <br \/>\nAmp\u00fcl:1xE27v<\/p>","protected":false},"featured_media":9209,"template":"","meta":[],"etheme_brands":[{"term_id":101,"name":"\u0130maj Ayd\u0131nlatma","slug":"imaj-aydinlatma","term_group":0,"term_taxonomy_id":101,"taxonomy":"brand","description":"","parent":0,"count":75,"filter":"raw"}],"product_cat":[66],"product_tag":[74,72,73,71],"_links":{"self":[{"href":"https:\/\/lichtfueralle.de\/tr\/wp-json\/wp\/v2\/product\/8171"}],"collection":[{"href":"https:\/\/lichtfueralle.de\/tr\/wp-json\/wp\/v2\/product"}],"about":[{"href":"https:\/\/lichtfueralle.de\/tr\/wp-json\/wp\/v2\/types\/product"}],"version-history":[{"count":1,"href":"https:\/\/lichtfueralle.de\/tr\/wp-json\/wp\/v2\/product\/8171\/revisions"}],"predecessor-version":[{"id":8177,"href":"https:\/\/lichtfueralle.de\/tr\/wp-json\/wp\/v2\/product\/8171\/revisions\/8177"}],"wp:featuredmedia":[{"embeddable":true,"href":"https:\/\/lichtfueralle.de\/tr\/wp-json\/wp\/v2\/media\/9209"}],"wp:attachment":[{"href":"https:\/\/lichtfueralle.de\/tr\/wp-json\/wp\/v2\/media?parent=8171"}],"wp:term":[{"taxonomy":"brand","embeddable":true,"href":"https:\/\/lichtfueralle.de\/tr\/wp-json\/wp\/v2\/etheme_brands?post=8171"},{"taxonomy":"product_cat","embeddable":true,"href":"https:\/\/lichtfueralle.de\/tr\/wp-json\/wp\/v2\/product_cat?post=8171"},{"taxonomy":"product_tag","embeddable":true,"href":"https:\/\/lichtfueralle.de\/tr\/wp-json\/wp\/v2\/product_tag?post=8171"}],"curies":[{"name":"wp","href":"https:\/\/api.w.org\/{rel}","templated":true}]}}

<p>Ürün Ölçüleri: 45&#215;32 cm <br />
Cable Length :65 cm  <br />
Ampül:1xE27v</p>

İmaj Aydınlatma
