{"id":8204,"date":"2023-09-23T12:05:43","date_gmt":"2023-09-23T09:05:43","guid":{"rendered":"https:\/\/imajaydinlatma.com\/?post_type=product&#038;p=8204"},"modified":"2024-06-27T20:20:00","modified_gmt":"2024-06-27T17:20:00","slug":"ip-715-mavi-krom","status":"publish","type":"product","link":"https:\/\/lichtfueralle.de\/tr\/product\/ip-715-mavi-krom\/","title":{"rendered":"IP-715"},"content":{"rendered":"","protected":false},"excerpt":{"rendered":"<p>\u00dcr\u00fcn \u00d6l\u00e7\u00fcleri: 50&#215;150 cm<\/p>\n<p>Amp\u00fcl:1xE27<\/p>","protected":false},"featured_media":9265,"template":"","meta":[],"etheme_brands":[{"term_id":101,"name":"\u0130maj Ayd\u0131nlatma","slug":"imaj-aydinlatma","term_group":0,"term_taxonomy_id":101,"taxonomy":"brand","description":"","parent":0,"count":75,"filter":"raw"}],"product_cat":[66],"product_tag":[74,72,73,71],"_links":{"self":[{"href":"https:\/\/lichtfueralle.de\/tr\/wp-json\/wp\/v2\/product\/8204"}],"collection":[{"href":"https:\/\/lichtfueralle.de\/tr\/wp-json\/wp\/v2\/product"}],"about":[{"href":"https:\/\/lichtfueralle.de\/tr\/wp-json\/wp\/v2\/types\/product"}],"version-history":[{"count":3,"href":"https:\/\/lichtfueralle.de\/tr\/wp-json\/wp\/v2\/product\/8204\/revisions"}],"predecessor-version":[{"id":8467,"href":"https:\/\/lichtfueralle.de\/tr\/wp-json\/wp\/v2\/product\/8204\/revisions\/8467"}],"wp:featuredmedia":[{"embeddable":true,"href":"https:\/\/lichtfueralle.de\/tr\/wp-json\/wp\/v2\/media\/9265"}],"wp:attachment":[{"href":"https:\/\/lichtfueralle.de\/tr\/wp-json\/wp\/v2\/media?parent=8204"}],"wp:term":[{"taxonomy":"brand","embeddable":true,"href":"https:\/\/lichtfueralle.de\/tr\/wp-json\/wp\/v2\/etheme_brands?post=8204"},{"taxonomy":"product_cat","embeddable":true,"href":"https:\/\/lichtfueralle.de\/tr\/wp-json\/wp\/v2\/product_cat?post=8204"},{"taxonomy":"product_tag","embeddable":true,"href":"https:\/\/lichtfueralle.de\/tr\/wp-json\/wp\/v2\/product_tag?post=8204"}],"curies":[{"name":"wp","href":"https:\/\/api.w.org\/{rel}","templated":true}]}}

<p>Ürün Ölçüleri: 50&#215;150 cm</p>
<p>Ampül:1xE27</p>

İmaj Aydınlatma
