{"id":8217,"date":"2023-09-23T12:16:07","date_gmt":"2023-09-23T09:16:07","guid":{"rendered":"https:\/\/imajaydinlatma.com\/?post_type=product&#038;p=8217"},"modified":"2024-06-27T20:21:04","modified_gmt":"2024-06-27T17:21:04","slug":"ip-717","status":"publish","type":"product","link":"https:\/\/lichtfueralle.de\/tr\/product\/ip-717\/","title":{"rendered":"IP-717"},"content":{"rendered":"","protected":false},"excerpt":{"rendered":"<p>\u00dcr\u00fcn \u00d6l\u00e7\u00fcleri: 30&#215;30 cm <br \/>\nCable Length :65 cm  <br \/>\nAmp\u00fcl:1xE27<\/p>","protected":false},"featured_media":9280,"template":"","meta":[],"etheme_brands":[{"term_id":101,"name":"\u0130maj Ayd\u0131nlatma","slug":"imaj-aydinlatma","term_group":0,"term_taxonomy_id":101,"taxonomy":"brand","description":"","parent":0,"count":75,"filter":"raw"}],"product_cat":[66],"product_tag":[74,72,73,71],"_links":{"self":[{"href":"https:\/\/lichtfueralle.de\/tr\/wp-json\/wp\/v2\/product\/8217"}],"collection":[{"href":"https:\/\/lichtfueralle.de\/tr\/wp-json\/wp\/v2\/product"}],"about":[{"href":"https:\/\/lichtfueralle.de\/tr\/wp-json\/wp\/v2\/types\/product"}],"version-history":[{"count":2,"href":"https:\/\/lichtfueralle.de\/tr\/wp-json\/wp\/v2\/product\/8217\/revisions"}],"predecessor-version":[{"id":8220,"href":"https:\/\/lichtfueralle.de\/tr\/wp-json\/wp\/v2\/product\/8217\/revisions\/8220"}],"wp:featuredmedia":[{"embeddable":true,"href":"https:\/\/lichtfueralle.de\/tr\/wp-json\/wp\/v2\/media\/9280"}],"wp:attachment":[{"href":"https:\/\/lichtfueralle.de\/tr\/wp-json\/wp\/v2\/media?parent=8217"}],"wp:term":[{"taxonomy":"brand","embeddable":true,"href":"https:\/\/lichtfueralle.de\/tr\/wp-json\/wp\/v2\/etheme_brands?post=8217"},{"taxonomy":"product_cat","embeddable":true,"href":"https:\/\/lichtfueralle.de\/tr\/wp-json\/wp\/v2\/product_cat?post=8217"},{"taxonomy":"product_tag","embeddable":true,"href":"https:\/\/lichtfueralle.de\/tr\/wp-json\/wp\/v2\/product_tag?post=8217"}],"curies":[{"name":"wp","href":"https:\/\/api.w.org\/{rel}","templated":true}]}}

<p>Ürün Ölçüleri: 30&#215;30 cm <br />
Cable Length :65 cm  <br />
Ampül:1xE27</p>

İmaj Aydınlatma
