{"id":8240,"date":"2023-09-23T18:56:16","date_gmt":"2023-09-23T15:56:16","guid":{"rendered":"https:\/\/imajaydinlatma.com\/?post_type=product&#038;p=8240"},"modified":"2024-06-25T23:24:44","modified_gmt":"2024-06-25T20:24:44","slug":"hr-204","status":"publish","type":"product","link":"https:\/\/lichtfueralle.de\/tr\/product\/hr-204\/","title":{"rendered":"HR-204"},"content":{"rendered":"","protected":false},"excerpt":{"rendered":"<p>\u00dcr\u00fcn \u00d6l\u00e7\u00fcleri: 30&#215;40 cm<br \/>\nCable Length :65 cm<br \/>\nAmp\u00fcl:1xE27<\/p>","protected":false},"featured_media":8701,"template":"","meta":[],"etheme_brands":[{"term_id":101,"name":"\u0130maj Ayd\u0131nlatma","slug":"imaj-aydinlatma","term_group":0,"term_taxonomy_id":101,"taxonomy":"brand","description":"","parent":0,"count":75,"filter":"raw"}],"product_cat":[67],"product_tag":[74,72,73,71],"_links":{"self":[{"href":"https:\/\/lichtfueralle.de\/tr\/wp-json\/wp\/v2\/product\/8240"}],"collection":[{"href":"https:\/\/lichtfueralle.de\/tr\/wp-json\/wp\/v2\/product"}],"about":[{"href":"https:\/\/lichtfueralle.de\/tr\/wp-json\/wp\/v2\/types\/product"}],"version-history":[{"count":3,"href":"https:\/\/lichtfueralle.de\/tr\/wp-json\/wp\/v2\/product\/8240\/revisions"}],"predecessor-version":[{"id":8708,"href":"https:\/\/lichtfueralle.de\/tr\/wp-json\/wp\/v2\/product\/8240\/revisions\/8708"}],"wp:featuredmedia":[{"embeddable":true,"href":"https:\/\/lichtfueralle.de\/tr\/wp-json\/wp\/v2\/media\/8701"}],"wp:attachment":[{"href":"https:\/\/lichtfueralle.de\/tr\/wp-json\/wp\/v2\/media?parent=8240"}],"wp:term":[{"taxonomy":"brand","embeddable":true,"href":"https:\/\/lichtfueralle.de\/tr\/wp-json\/wp\/v2\/etheme_brands?post=8240"},{"taxonomy":"product_cat","embeddable":true,"href":"https:\/\/lichtfueralle.de\/tr\/wp-json\/wp\/v2\/product_cat?post=8240"},{"taxonomy":"product_tag","embeddable":true,"href":"https:\/\/lichtfueralle.de\/tr\/wp-json\/wp\/v2\/product_tag?post=8240"}],"curies":[{"name":"wp","href":"https:\/\/api.w.org\/{rel}","templated":true}]}}

<p>Ürün Ölçüleri: 30&#215;40 cm<br />
Cable Length :65 cm<br />
Ampül:1xE27</p>

İmaj Aydınlatma
