{"id":8390,"date":"2023-09-24T12:55:31","date_gmt":"2023-09-24T09:55:31","guid":{"rendered":"https:\/\/imajaydinlatma.com\/?post_type=product&#038;p=8390"},"modified":"2024-06-27T18:52:18","modified_gmt":"2024-06-27T15:52:18","slug":"te-525","status":"publish","type":"product","link":"https:\/\/lichtfueralle.de\/tr\/product\/te-525\/","title":{"rendered":"TE-525"},"content":{"rendered":"","protected":false},"excerpt":{"rendered":"<p>\u00dcr\u00fcn \u00d6l\u00e7\u00fcleri: 40&#215;75 cm <\/p>\n<p>Amp\u00fcl:7xE27<\/p>","protected":false},"featured_media":9032,"template":"","meta":[],"etheme_brands":[{"term_id":101,"name":"\u0130maj Ayd\u0131nlatma","slug":"imaj-aydinlatma","term_group":0,"term_taxonomy_id":101,"taxonomy":"brand","description":"","parent":0,"count":75,"filter":"raw"}],"product_cat":[15],"product_tag":[74,71,103],"_links":{"self":[{"href":"https:\/\/lichtfueralle.de\/tr\/wp-json\/wp\/v2\/product\/8390"}],"collection":[{"href":"https:\/\/lichtfueralle.de\/tr\/wp-json\/wp\/v2\/product"}],"about":[{"href":"https:\/\/lichtfueralle.de\/tr\/wp-json\/wp\/v2\/types\/product"}],"version-history":[{"count":2,"href":"https:\/\/lichtfueralle.de\/tr\/wp-json\/wp\/v2\/product\/8390\/revisions"}],"predecessor-version":[{"id":8399,"href":"https:\/\/lichtfueralle.de\/tr\/wp-json\/wp\/v2\/product\/8390\/revisions\/8399"}],"wp:featuredmedia":[{"embeddable":true,"href":"https:\/\/lichtfueralle.de\/tr\/wp-json\/wp\/v2\/media\/9032"}],"wp:attachment":[{"href":"https:\/\/lichtfueralle.de\/tr\/wp-json\/wp\/v2\/media?parent=8390"}],"wp:term":[{"taxonomy":"brand","embeddable":true,"href":"https:\/\/lichtfueralle.de\/tr\/wp-json\/wp\/v2\/etheme_brands?post=8390"},{"taxonomy":"product_cat","embeddable":true,"href":"https:\/\/lichtfueralle.de\/tr\/wp-json\/wp\/v2\/product_cat?post=8390"},{"taxonomy":"product_tag","embeddable":true,"href":"https:\/\/lichtfueralle.de\/tr\/wp-json\/wp\/v2\/product_tag?post=8390"}],"curies":[{"name":"wp","href":"https:\/\/api.w.org\/{rel}","templated":true}]}}

<p>Ürün Ölçüleri: 40&#215;75 cm </p>
<p>Ampül:7xE27</p>

İmaj Aydınlatma
