{"id":8406,"date":"2023-09-24T13:26:57","date_gmt":"2023-09-24T10:26:57","guid":{"rendered":"https:\/\/imajaydinlatma.com\/?post_type=product&#038;p=8406"},"modified":"2024-06-27T19:05:57","modified_gmt":"2024-06-27T16:05:57","slug":"te-529","status":"publish","type":"product","link":"https:\/\/lichtfueralle.de\/tr\/product\/te-529\/","title":{"rendered":"TE-529"},"content":{"rendered":"","protected":false},"excerpt":{"rendered":"<p>\u00dcr\u00fcn \u00d6l\u00e7\u00fcleri: 40&#215;17 cm <br \/>\nKablo Boyu: 85 cm  <br \/>\nAmp\u00fcl 1xE27<\/p>","protected":false},"featured_media":9054,"template":"","meta":[],"etheme_brands":[{"term_id":101,"name":"\u0130maj Ayd\u0131nlatma","slug":"imaj-aydinlatma","term_group":0,"term_taxonomy_id":101,"taxonomy":"brand","description":"","parent":0,"count":75,"filter":"raw"}],"product_cat":[15],"product_tag":[74,71,103],"_links":{"self":[{"href":"https:\/\/lichtfueralle.de\/tr\/wp-json\/wp\/v2\/product\/8406"}],"collection":[{"href":"https:\/\/lichtfueralle.de\/tr\/wp-json\/wp\/v2\/product"}],"about":[{"href":"https:\/\/lichtfueralle.de\/tr\/wp-json\/wp\/v2\/types\/product"}],"version-history":[{"count":1,"href":"https:\/\/lichtfueralle.de\/tr\/wp-json\/wp\/v2\/product\/8406\/revisions"}],"predecessor-version":[{"id":8408,"href":"https:\/\/lichtfueralle.de\/tr\/wp-json\/wp\/v2\/product\/8406\/revisions\/8408"}],"wp:featuredmedia":[{"embeddable":true,"href":"https:\/\/lichtfueralle.de\/tr\/wp-json\/wp\/v2\/media\/9054"}],"wp:attachment":[{"href":"https:\/\/lichtfueralle.de\/tr\/wp-json\/wp\/v2\/media?parent=8406"}],"wp:term":[{"taxonomy":"brand","embeddable":true,"href":"https:\/\/lichtfueralle.de\/tr\/wp-json\/wp\/v2\/etheme_brands?post=8406"},{"taxonomy":"product_cat","embeddable":true,"href":"https:\/\/lichtfueralle.de\/tr\/wp-json\/wp\/v2\/product_cat?post=8406"},{"taxonomy":"product_tag","embeddable":true,"href":"https:\/\/lichtfueralle.de\/tr\/wp-json\/wp\/v2\/product_tag?post=8406"}],"curies":[{"name":"wp","href":"https:\/\/api.w.org\/{rel}","templated":true}]}}

<p>Ürün Ölçüleri: 40&#215;17 cm <br />
Kablo Boyu: 85 cm  <br />
Ampül 1xE27</p>

İmaj Aydınlatma
