{"id":9059,"date":"2024-06-27T19:11:07","date_gmt":"2024-06-27T16:11:07","guid":{"rendered":"https:\/\/lichtfueralle.de\/?post_type=product&#038;p=9059"},"modified":"2024-06-27T19:11:08","modified_gmt":"2024-06-27T16:11:08","slug":"te-532","status":"publish","type":"product","link":"https:\/\/lichtfueralle.de\/tr\/product\/te-532\/","title":{"rendered":"TE-532"},"content":{"rendered":"","protected":false},"excerpt":{"rendered":"<p>\u00dcr\u00fcn \u00d6l\u00e7\u00fcleri: 40&#215;17 cm <br \/>\nKablo Boyu: 85 cm  <br \/>\nAmp\u00fcl 1xE27<\/p>","protected":false},"featured_media":9067,"template":"","meta":[],"etheme_brands":[{"term_id":101,"name":"\u0130maj Ayd\u0131nlatma","slug":"imaj-aydinlatma","term_group":0,"term_taxonomy_id":101,"taxonomy":"brand","description":"","parent":0,"count":75,"filter":"raw"}],"product_cat":[15],"product_tag":[74,71,103],"_links":{"self":[{"href":"https:\/\/lichtfueralle.de\/tr\/wp-json\/wp\/v2\/product\/9059"}],"collection":[{"href":"https:\/\/lichtfueralle.de\/tr\/wp-json\/wp\/v2\/product"}],"about":[{"href":"https:\/\/lichtfueralle.de\/tr\/wp-json\/wp\/v2\/types\/product"}],"version-history":[{"count":1,"href":"https:\/\/lichtfueralle.de\/tr\/wp-json\/wp\/v2\/product\/9059\/revisions"}],"predecessor-version":[{"id":9069,"href":"https:\/\/lichtfueralle.de\/tr\/wp-json\/wp\/v2\/product\/9059\/revisions\/9069"}],"wp:featuredmedia":[{"embeddable":true,"href":"https:\/\/lichtfueralle.de\/tr\/wp-json\/wp\/v2\/media\/9067"}],"wp:attachment":[{"href":"https:\/\/lichtfueralle.de\/tr\/wp-json\/wp\/v2\/media?parent=9059"}],"wp:term":[{"taxonomy":"brand","embeddable":true,"href":"https:\/\/lichtfueralle.de\/tr\/wp-json\/wp\/v2\/etheme_brands?post=9059"},{"taxonomy":"product_cat","embeddable":true,"href":"https:\/\/lichtfueralle.de\/tr\/wp-json\/wp\/v2\/product_cat?post=9059"},{"taxonomy":"product_tag","embeddable":true,"href":"https:\/\/lichtfueralle.de\/tr\/wp-json\/wp\/v2\/product_tag?post=9059"}],"curies":[{"name":"wp","href":"https:\/\/api.w.org\/{rel}","templated":true}]}}

<p>Ürün Ölçüleri: 40&#215;17 cm <br />
Kablo Boyu: 85 cm  <br />
Ampül 1xE27</p>

İmaj Aydınlatma
